(u) = u + 6. Let c be a(-4). Suppose 2*n + c*n - 780 = 0. Let h be ((-2)/(-5))/(3/n). Calculate the highest common factor of 13 and h.
13
Let x = -9 - -20. Let t(b) = -12*b + 6. Let u be t(4). Let i = u + 64. Calculate the highest common factor of x and i.
11
Let r be 62/6 + 10/15. Calculate the highest common divisor of r and 1.
1
Let k = 10 - 8. Suppose 0 = k*c + 20 - 100. What is the highest common factor of 16 and c?
8
Let j be 12*(-10)/(-15) + 4. Calculate the greatest common divisor of 276 and j.
12
Let p be (29 - -2)/(-1 + 2). Let q = p - 18. Let h be (6/(-18))/((-1)/39). Calculate the highest common divisor of h and q.
13
Let i(c) = -c + 6. Let l(d) = 2*d. Let t be l(2). Let y be i(t). Calculate the greatest common factor of 6 and y.
2
Let w = -7 + 11. Let l be (-1)/w + (-3)/(-12). Suppose l = -2*i + 4*r + 184, -5*i = r - 509 + 60. Calculate the greatest common divisor of i and 10.
10
Let z = -12 - -13. Let i be (9 + -10)/(z/(-3)). What is the greatest common factor of i and 12?
3
Let s(h) = h + 2*h - 2*h**2 - 10 + 3*h**2 + 3*h. Let t be s(-8). Calculate the greatest common divisor of t and 6.
6
Suppose -3*j - 1344 + 180 = 0. Let p be 4/6 - j/12. What is the highest common factor of p and 11?
11
Let n = -2 + 25. Suppose -35 + 2 = -3*o. Let q = n - o. Calculate the highest common factor of q and 12.
12
Let l(g) = -26*g + 4. Let m(f) = 79*f - 11. Let c(h) = 17*l(h) + 6*m(h). Let j be c(1). Calculate the greatest common divisor of j and 51.
17
Suppose -22 + 8 = -2*v. Suppose 0 = -4*q + q + 2*i + 113, 0 = -4*q + 5*i + 160. Calculate the greatest common divisor of v and q.
7
Let x = 33 - 23. What is the highest common factor of 80 and x?
10
Suppose c - 4*d = 5*c - 124, 2*d = c - 43. Calculate the highest common divisor of c and 315.
35
Suppose 5 + 15 = 4*y. Let a = y + -2. What is the greatest common divisor of a and 15?
3
Let v = -256 - -663. Calculate the highest common factor of v and 37.
37
Let j(d) = -d**3 + 11*d**2 + 15*d - 16. Let k(q) = 4*q. Let c be k(3). Let b be j(c). What is the highest common factor of 180 and b?
20
Suppose 0*t = -3*t + 15. Suppose t*n - 3 + 43 = 0. Let u(z) = z**3 + 10*z**2 + 7*z - 2. Let y be u(n). What is the greatest common factor of y and 14?
14
Let l(d) = -6*d + 8. Let o be l(-8). Calculate the highest common factor of 7 and o.
7
Suppose 0*t - 168 = -7*t. What is the highest common divisor of 18 and t?
6
Let w be ((-8)/(-12))/((-12)/(-90)). Calculate the greatest common divisor of w and 10.
5
Let z be (-334)/(-10) + 4/(-10). Let i(r) = r. Let q be i(3). What is the highest common divisor of z and q?
3
Let g = 12 - 13. Let i = 34 + g. Calculate the greatest common divisor of 22 and i.
11
Suppose -a - a = 5*p - 213, -5*a + p + 492 = 0. Calculate the greatest common divisor of a and 9.
9
Let t be (-7277)/(-209) - 2/(-11). Calculate the greatest common divisor of 5 and t.
5
Suppose 0 = -5*j + 2 + 13. Let f be 0/((-9)/j) + 7. Suppose -2*w = -f*w + 35. What is the highest common divisor of w and 35?
7
Suppose 3*f - l = -2*f + 123, 0 = 3*f - 3*l - 81. Calculate the greatest common factor of f and 60.
12
Let l = 2 - 6. Let o be (-58)/(-8) + 1/(-4). Let i = l + o. What is the greatest common divisor of 27 and i?
3
Let o(n) = n + 36. Let t be o(9). Calculate the greatest common factor of t and 36.
9
Let m be (-1)/1 + 1 + 40. Suppose -s + 5*j + m = 0, 2*j + 133 = s + 2*s. Let q = 41 - 23. What is the highest common divisor of q and s?
9
Let u(i) = -i**3 + i**2 - i + 1. Let a be u(1). Suppose a = q, -3*q = -0*j - 5*j - 15. Let r be 4/j*3/(-2). Calculate the highest common divisor of r and 4.
2
Suppose -4*b + 2*b = -4. Let k(g) = 4*g - 2. Let x be k(2). Let t be 34/x - (-4)/(-6). What is the greatest common factor of t and b?
1
Let s be 4/(-6) + 191/3. Suppose s = 5*p + 18. Let g = p + -6. What is the highest common divisor of g and 6?
3
Let a = 12 + -17. Let m = a - -9. What is the greatest common divisor of 6 and m?
2
Suppose -311 = -5*n + 24. Suppose 3*l - 73 = -4*y + 2, -4*y = -5*l - n. What is the highest common factor of y and 3?
3
Suppose 8*h = 9*h - 2. Let y be 1*(1 + 0) - -5. Let w = y - h. Calculate the highest common factor of 20 and w.
4
Let r(h) = -h + 3. Let v be r(-14). Calculate the greatest common divisor of 187 and v.
17
Suppose 3*p = 5*h + 214, p + 6*h - 38 = h. Suppose -2*b + n = -12 - 4, 2*b - 6 = -4*n. Calculate the greatest common divisor of p and b.
7
Let p be (1/(-2))/(1/(-60)). Suppose 3*n = -3, -8*n + 3*n = 5*m - p. What is the greatest common divisor of m and 63?
7
Suppose f - 7 = -6*z + 3*z, -14 = -2*f + 5*z. Suppose -4*s + f = -17. Let b be (54/(s/(-2)))/(-1). What is the highest common factor of 18 and b?
18
Suppose 0 = -2*q + 4*u + 16, 2*q + 25 = 6*q - u. Let w(y) = y**3 - 6*y**2 - y + 4. Let x be w(q). Let g = 0 - x. What is the highest common divisor of g and 14?
2
Suppose -5*s + 820 = 5*c, c + 1 + 3 = 0. What is the highest common divisor of 14 and s?
14
Suppose 6 = 3*z - 3. Suppose -z*d = d. Suppose v - 8 + 0 = d. Calculate the greatest common factor of v and 56.
8
Suppose 2*t = 8, -3*t + 72 = 4*g - g. What is the highest common divisor of g and 180?
20
Suppose 0*j + 90 = 3*j. Let m(s) = s**2 - 17*s + 22. Let d be m(16). Calculate the greatest common factor of d and j.
6
Let t = 88 - 46. Suppose -x = x - 28. Calculate the highest common divisor of x and t.
14
Let n = -75 - -145. What is the highest common divisor of 28 and n?
14
Let n = 55 - -65. Calculate the highest common divisor of n and 30.
30
Suppose 4*b + 5*a - 38 = 0, -26 = -5*b + 2*b - 5*a. What is the highest common divisor of 96 and b?
12
Let g be 11 - 12 - -1*242/2. What is the greatest common factor of 24 and g?
24
Let g(i) = -4*i**2 - i**3 - 3*i**2 - 7 + 19 - i + 2*i**2. Let d be g(-5). Calculate the highest common factor of d and 17.
17
Let t(i) = -i - 2. Let y be t(-3). Let d be -9*((-3)/y)/3. What is the greatest common divisor of 9 and d?
9
Suppose 32*v - 31*v - 10 = 0. What is the highest common divisor of 80 and v?
10
Let w = -1 + 20. What is the highest common factor of w and 190?
19
Let x = -4 - -8. Suppose -8 + 0 = -3*f + 5*j, 5*f = -j + x. Suppose 2*c + 3*g + f = 0, 6 = -c + 2*c - 5*g. What is the greatest common divisor of c and 5?
1
Suppose 42*f - 39*f - 33 = 0. What is the highest common divisor of 143 and f?
11
Let i = -7 - -17. Let z be 5 + (2 - (1 + 2)). Suppose -4*a - z*d = -288, -d + 0*d + 212 = 3*a. Calculate the highest common divisor of a and i.
10
Let b be ((-8)/(-28))/((-1)/(-21)). Calculate the greatest common divisor of 2 and b.
2
Let x(h) = h**3 + 5*h**2 + 3*h - 1. Let l be x(-3). Let s be ((-2)/5)/((-13)/(-130)). Let b = -2 - s. What is the highest common divisor of l and b?
2
Let i be -9 - -10 - (-9)/1. Calculate the highest common factor of 30 and i.
10
Let z(f) be the first derivative of f**3/3 + f**2/2 + 2*f - 3. Let j be z(-2). Calculate the greatest common divisor of j and 32.
4
Suppose 0 = -3*o - 368 + 422. Let j be (-82)/(-3) - (-2)/(-6). What is the highest common divisor of o and j?
9
Let t(s) = 7*s**2 + 0*s**3 + s**3 - 7*s - 2*s**3. Let o be t(5). What is the highest common divisor of 120 and o?
15
Suppose -2*k - 3*k = -25. Suppose k*j - 174 = -44. What is the highest common divisor of 65 and j?
13
Suppose 5*d = 2*d + 24. Let o(z) = z**2 - 4*z - 4. Let i be o(-6). Calculate the greatest common divisor of d and i.
8
Let g = 31 - 21. Suppose 2*y - 8 = -3*f + g, -2*y + 6 = 0. Calculate the highest common factor of 4 and f.
4
Let k(h) = h**3 + 8*h**2 + 5*h. Let t be k(-6). Suppose -3*w + 2*w = -21. What is the highest common factor of t and w?
21
Let b = 20 - -25. Let i(g) = g**3 - 4*g**2 - 7*g. Let d be i(6). Calculate the highest common divisor of b and d.
15
Let v be (-40)/(-6)*6/4. Suppose 0 = -11*n - 443 + 1653. What is the greatest common factor of n and v?
10
Let g(k) be the first derivative of k**3/3 + 10*k + 2. Let b be g(0). Suppose -10 - b = -5*a. What is the highest common divisor of 44 and a?
4
Let o(d) = d**2 + 2*d - 2. Let m be o(-6). Calculate the highest common factor of 55 and m.
11
Let m be (-5)/(-2)*32/20. Suppose m*i - 446 = 194. What is the highest common factor of i and 20?
20
Let m(h) = 11 - 2 + 567*h - 641*h. Let r be m(-3). What is the highest common divi